e the remainder when 94667 is divided by 282.
197
Calculate the remainder when 130896 is divided by 9062.
4028
What is the remainder when 2011042 is divided by 502609?
606
What is the remainder when 293743 is divided by 13321?
681
What is the remainder when 6225275 is divided by 444661?
21
What is the remainder when 2975445 is divided by 21253?
25
What is the remainder when 107697 is divided by 1714?
1429
What is the remainder when 2568968 is divided by 196?
192
Calculate the remainder when 8075500 is divided by 1144.
4
What is the remainder when 429185 is divided by 769?
83
Calculate the remainder when 135610 is divided by 25885.
6185
Calculate the remainder when 36338 is divided by 35727.
611
What is the remainder when 16932191 is divided by 1345?
1331
Calculate the remainder when 20831615 is divided by 44.
35
Calculate the remainder when 282692585 is divided by 6392.
6385
What is the remainder when 255478 is divided by 255464?
14
Calculate the remainder when 3042042 is divided by 579.
555
Calculate the remainder when 257114 is divided by 13532.
6
Calculate the remainder when 24491804 is divided by 674.
666
Calculate the remainder when 26869436 is divided by 34185.
26
Calculate the remainder when 102273 is divided by 9190.
1183
What is the remainder when 11069587 is divided by 2870?
2867
What is the remainder when 151279290 is divided by 75639645?
0
Calculate the remainder when 297299 is divided by 37136.
211
What is the remainder when 52601 is divided by 17403?
392
Calculate the remainder when 290809 is divided by 11177.
207
Calculate the remainder when 4328659 is divided by 28.
27
What is the remainder when 87615 is divided by 2752?
2303
What is the remainder when 7399210 is divided by 1233178?
142
Calculate the remainder when 5673467 is divided by 17954.
3
Calculate the remainder when 37628210 is divided by 72223.
27
What is the remainder when 4603633 is divided by 551?
28
What is the remainder when 14568 is divided by 705?
468
Calculate the remainder when 137004 is divided by 2656.
1548
Calculate the remainder when 418182 is divided by 46448.
150
What is the remainder when 287437 is divided by 4660?
3177
What is the remainder when 16279931 is divided by 1479992?
19
Calculate the remainder when 528120 is divided by 66012.
24
What is the remainder when 54699095 is divided by 1258?
1255
Calculate the remainder when 2576607 is divided by 114.
93
What is the remainder when 1403391 is divided by 6650?
241
What is the remainder when 157196 is divided by 157186?
10
What is the remainder when 322096 is divided by 522?
22
Calculate the remainder when 271259 is divided by 169.
14
What is the remainder when 34515622 is divided by 572?
570
Calculate the remainder when 1447919 is divided by 206808.
263
What is the remainder when 192071 is divided by 28?
19
Calculate the remainder when 67977 is divided by 2602.
325
Calculate the remainder when 1937103 is divided by 19970.
13
What is the remainder when 1145371 is divided by 74?
73
What is the remainder when 14144235 is divided by 2719?
2716
Calculate the remainder when 435361 is divided by 14512.
1
Calculate the remainder when 29065 is divided by 1627.
1406
What is the remainder when 14161875 is divided by 1089374?
13
Calculate the remainder when 38333 is divided by 8323.
5041
Calculate the remainder when 6936163 is divided by 3519.
214
Calculate the remainder when 1654821 is divided by 51.
24
What is the remainder when 479401 is divided by 7050?
1
Calculate the remainder when 171284 is divided by 601.
600
What is the remainder when 315039 is divided by 6299?
89
What is the remainder when 1841301 is divided by 104?
85
Calculate the remainder when 894765 is divided by 497.
165
Calculate the remainder when 55417 is divided by 107.
98
What is the remainder when 4688700 is divided by 740?
60
What is the remainder when 30843841 is divided by 28826?
21
Calculate the remainder when 1262125 is divided by 11.
7
Calculate the remainder when 20401679 is divided by 78.
77
What is the remainder when 1353272 is divided by 951?
950
What is the remainder when 520388 is divided by 39?
11
Calculate the remainder when 30767082 is divided by 223.
218
What is the remainder when 75033 is divided by 697?
454
Calculate the remainder when 634356 is divided by 88.
52
What is the remainder when 2762827 is divided by 9593?
43
Calculate the remainder when 345791 is divided by 278.
237
Calculate the remainder when 96254 is divided by 15.
14
What is the remainder when 413759 is divided by 413605?
154
What is the remainder when 170845 is divided by 85282?
281
Calculate the remainder when 13114 is divided by 603.
451
What is the remainder when 182985 is divided by 841?
488
What is the remainder when 3985553 is divided by 996367?
85
Calculate the remainder when 414121 is divided by 59125.
246
Calculate the remainder when 99528 is divided by 4147.
0
What is the remainder when 79962789 is divided by 8?
5
Calculate the remainder when 142332 is divided by 320.
252
Calculate the remainder when 2757236 is divided by 5968.
20
Calculate the remainder when 347269 is divided by 17331.
649
Calculate the remainder when 6242815 is divided by 712.
711
Calculate the remainder when 972629 is divided by 668.
21
Calculate the remainder when 58905596 is divided by 29452795.
6
Calculate the remainder when 32908 is divided by 127.
15
What is the remainder when 20402 is divided by 3989?
457
What is the remainder when 722795 is divided by 3393?
86
Calculate the remainder when 2039360 is divided by 29133.
50
Calculate the remainder when 1701214 is divided by 2476.
202
What is the remainder when 369227 is divided by 21718?
21
Calculate the remainder when 47702 is divided by 103.
13
What is the remainder when 154416 is divided by 197?
165
Calculate the remainder when 64129712 is divided by 2680.
2672
What is the remainder when 7167864 is divided by 141?
129
What is the remainder when 106240 is divided by 793?
771
What is the remainder when 1545452 is divided by 197?
184
What is the remainder when 63511 is divided by 9931?
3925
Calculate the remainder when 14281797 is divided by 4760597.
6
What is the remainder when 533912 is divided by 177966?
14
What is the remainder when 9511862 is divided by 1370?
1322
Calculate the remainder when 601826 is divided by 6195.
911
Calculate the remainder when 649340 is divided by 649243.
97
Calculate the remainder when 1967633 is divided by 1648.
1569
Calculate the remainder when 576031 is divided by 1704.
79
Calculate the remainder when 6140054 is divided by 110.
74
What is the remainder when 4226474 is divided by 2199?
2195
Calculate the remainder when 972228 is divided by 1004.
356
What is the remainder when 217366 is divided by 334?
266
What is the remainder when 112785 is divided by 1663?
1364
What is the remainder when 131302277 is divided by 4?
1
Calculate the remainder when 1144010 is divided by 11.
10
Calculate the remainder when 64714 is divided by 6460.
114
What is the remainder when 30658492 is divided by 5109746?
16
What is the remainder when 615349 is divided by 18097?
51
What is the remainder when 121002 is divided by 2420?
2
Calculate the remainder when 507747 is divided by 1308.
243
What is the remainder when 6895448 is divided by 81?
80
What is the remainder when 157263521 is divided by 157263507?
14
Calculate the remainder when 866506 is divided by 866247.
259
What is the remainder when 178132184 is divided by 4581?
4580
What is the remainder when 2491795 is divided by 824?
19
What is the remainder when 1164277058 is divided by 663?
659
Calculate the remainder when 628754 is divided by 319.
5
Calculate the remainder when 84166593 is divided by 977.
974
Calculate the remainder when 1585194 is divided by 41715.
24
Calculate the remainder when 302467 is divided by 100821.
4
Calculate the remainder when 461489 is divided by 38333.
1493
What is the remainder when 63312160 is divided by 1979?
1971
What is the remainder when 8964476 is divided by 1856?
1852
Calculate the remainder when 1909779 is divided by 15155.
249
Calculate the remainder when 126462092 is divided by 1505501.
8
What is the remainder when 1478486 is divided by 2230?
2226
What is the remainder when 2206962190 is divided by 534?
532
Calculate th